204*u**2 + 779*u - 77. Give a(-4).
-313
Let s(p) = p**3 + 48*p**2 + 249*p - 177. What is s(-7)?
89
Let o(f) = -f**2 + 167*f + 138575. Determine o(-298).
5
Let b(y) = 4*y**3 - 74*y**2 - 32*y + 685. Determine b(18).
-539
Let w(l) = 1821*l + 74304. What is w(-41)?
-357
Let m(k) = 44*k**2 + 3503*k + 16422. Calculate m(-5).
7
Let u(i) = -i**2 - 112*i - 1788. Calculate u(-106).
-1152
Let y(a) = -377*a + 20042. What is y(53)?
61
Let n(b) = -34*b**2 + 21*b + 27. What is n(1)?
14
Let j(f) = -55836*f - 12563101. What is j(-225)?
-1
Let g(w) = -2*w**3 + 280*w**2 - 591*w + 5535. Determine g(138).
153
Let l(n) = -184*n + 6388. Calculate l(33).
316
Let c(x) = 3184*x - 140400. Calculate c(43).
-3488
Let j(v) = v**3 + 15*v**2 + 496*v + 3937. Give j(-9).
-41
Let w(b) = -29815*b - 149078. What is w(-5)?
-3
Let q(t) = -110*t**2 - 2206*t + 60. Calculate q(-20).
180
Let g(o) = 13981*o - 83885. Determine g(6).
1
Let i(h) = 6*h**3 + 193*h**2 + 696*h - 122. What is i(-28)?
-10
Let w(k) = -k**3 + 117*k**2 + 693*k - 10144. Determine w(122).
-18
Let g(v) = -206*v + 12465. Calculate g(65).
-925
Let z(c) = -c**2 + 1311*c + 62544. Give z(-46).
122
Let m(q) = q**2 - 148162*q - 740836. Give m(-5).
-1
Let m(k) = -5*k**3 + 27*k**2 - 111*k + 431. Calculate m(8).
-1289
Let d(w) = -w**3 - 29*w**2 - 131*w + 736. What is d(-11)?
-1
Let y(u) = -u**3 + 14*u**2 + 458*u - 668. Calculate y(29).
-1
Let t(h) = 15248*h - 274251. What is t(18)?
213
Let u(c) = 1227*c + 57911. Calculate u(-47).
242
Let a(k) = k**3 + 43*k**2 - 1250*k - 152. What is a(20)?
48
Let n(z) = -67*z**2 - 4972*z - 4972. What is n(-1)?
-67
Let x(p) = 2039*p + 42518. What is x(-21)?
-301
Let w(d) = d**3 + 507*d**2 + 11603*d - 83. Give w(-24).
-347
Let d(n) = 21*n**2 - 1316*n + 532. Give d(62).
-336
Let g(w) = 302*w**2 + 1072*w + 511. Give g(-3).
13
Let h(k) = 3*k**3 - 92*k**2 - 24*k - 151. Calculate h(31).
66
Let p(w) = 15113*w - 13692377. Determine p(906).
1
Let d(l) = -8*l**3 + 103*l**2 + 222*l + 148. Determine d(15).
-347
Let y(a) = 130372*a - 1042978. Determine y(8).
-2
Let h(p) = -7907*p - 47554. Give h(-6).
-112
Let i(t) = 39*t**3 + 3*t**2 - 75*t + 194. Determine i(4).
2438
Let d(p) = -6*p**2 - 5976*p - 404264. Calculate d(-923).
10
Let q(a) = 67836*a - 2102915. Determine q(31).
1
Let q(s) = -30*s**2 - 38*s + 104. Determine q(4).
-528
Let y(j) = -397*j - 9567. Determine y(-24).
-39
Let s(b) = b**3 - 426*b**2 + 45352*b - 1751. Determine s(218).
-7
Let k(m) = m**2 + 588*m + 79913. Calculate k(-213).
38
Let i(m) = 3534*m - 55852. Calculate i(16).
692
Let w(j) = 9724*j + 2421317. What is w(-249)?
41
Let x(l) = -66*l**2 + 565*l - 15. What is x(8)?
281
Let p(g) = 2*g**2 + 33682*g + 1243499. Give p(-37).
3
Let j(i) = 8*i**3 - 1639*i**2 - 1861*i + 1438. Give j(206).
-4
Let t(p) = 2*p**2 + 124*p + 1529. Determine t(-16).
57
Let h(f) = f**3 - 17*f**2 - 91*f + 248. Determine h(2).
6
Let l(j) = 3626*j + 14513. What is l(-4)?
9
Let t(m) = 6*m**3 - 86*m**2 + 50*m - 198. Give t(14).
110
Let p(o) = 26*o**3 + 127*o**2 - 21*o + 17. What is p(-4)?
469
Let b(x) = -3*x**3 + 121*x**2 - 209*x + 2107. What is b(39)?
40
Let w(t) = -49*t**2 - 113*t - 308. Give w(-6).
-1394
Let g(m) = m**3 + 63*m**2 + 925*m + 67. Determine g(-30).
2017
Let i(x) = -3*x**2 + 22212*x + 44402. Give i(-2).
-34
Let c(z) = -2*z**3 + 485*z**2 + 7154*z - 62. Calculate c(-14).
330
Let w(m) = 5122*m - 34593. Calculate w(7).
1261
Let i(w) = -64*w**3 + 1281*w**2 - 81*w + 1155. Give i(20).
-65
Let v(i) = -15617*i - 156241. Determine v(-10).
-71
Let l(r) = 9*r**3 + 79*r**2 + 6*r - 29. Give l(-8).
371
Let p(a) = 8*a**3 + 7*a**2 - 27*a + 176. Give p(0).
176
Let w(f) = f**3 - 16*f**2 + 9*f + 79. Give w(-2).
-11
Let m(c) = -2*c**2 + 93*c + 1099. Give m(-31).
-3706
Let y(n) = -46710*n + 327033. Calculate y(7).
63
Let a(g) = -g**3 + 347*g**2 + 19345*g + 23381. Give a(396).
17
Let o(d) = 12*d + 1824. Give o(-140).
144
Let w(f) = 18*f**3 - 3*f**2 - 445*f + 447. Calculate w(1).
17
Let i(n) = n**3 - 40*n**2 - 3015*n + 123045. What is i(42)?
-57
Let t(n) = -1109*n + 481. What is t(2)?
-1737
Let l(v) = -2891*v + 2226065. Determine l(770).
-5
Let l(r) = -159*r**2 + 1654*r + 3297. What is l(-2)?
-647
Let h(k) = -4448*k + 533801. Calculate h(120).
41
Let a(j) = 9*j**2 + 546*j + 4404. Calculate a(-51).
-33
Let a(j) = j**2 - 43*j - 16589. Give a(-83).
-6131
Let n(p) = -2*p**2 - 2894*p - 1046848. What is n(-729)?
-4
Let p(y) = -40*y**2 - 1730*y - 9254. Give p(-37).
-4
Let g(s) = 2*s**3 + 44*s**2 - 17*s - 977. Determine g(-21).
262
Let y(v) = -137898*v + 1930582. Determine y(14).
10
Let k(f) = 3*f**2 - 4025*f + 15951. Determine k(4).
-101
Let x(g) = -6*g**3 + 419*g**2 - 13*g + 5756. Calculate x(70).
-54
Let v(a) = a**3 + 5225*a**2 - 10*a - 142. Calculate v(0).
-142
Let n(h) = -1230*h - 24574. Determine n(-20).
26
Let s(d) = d**2 - 160*d - 3736. Determine s(-20).
-136
Let z(a) = a**3 - 23*a**2 + 37*a + 282. Calculate z(21).
177
Let o(d) = -4409*d + 797786. Give o(181).
-243
Let t(h) = -h**3 + 149*h**2 + 1162*h + 14754. Calculate t(157).
-4
Let a(y) = -4446*y + 875783. What is a(197)?
-79
Let s(j) = j**3 + 203*j**2 - 1460*j + 2610. Give s(-210).
510
Let g(v) = 7*v**3 - 86*v**2 + 273*v - 107. What is g(7)?
-9
Let v(t) = -621*t + 155349. What is v(249)?
720
Let y(n) = -11*n**2 + 2*n + 966. What is y(17)?
-2179
Let g(n) = 220*n**2 - 2785*n + 5857. What is g(10)?
7
Let f(h) = h**3 - 101*h**2 - 3608*h - 113. What is f(129)?
403
Let m(a) = 23*a**3 - 394*a**2 + 13*a + 198. Calculate m(17).
-448
Let k(j) = 463542*j - 463529. Determine k(1).
13
Let g(l) = -8*l**2 - 107*l - 118. Give g(-14).
-188
Let p(u) = -175061*u + 1050367. Calculate p(6).
1
Let v(s) = -s**3 - s**2 - 461*s - 1391. Determine v(-3).
10
Let n(s) = 11*s**2 + 381*s + 260. Calculate n(-35).
400
Let n(z) = -8*z**2 + 366135*z - 1098365. What is n(3)?
-32
Let w(o) = -2715*o - 10189. What is w(-4)?
671
Let l(t) = t**2 + 149*t - 4562. Give l(-175).
-12
Let j(s) = -2*s**3 - 79*s**2 - 2911*s - 118041. What is j(-40)?
-1
Let h(l) = 47*l - 2878. Calculate h(72).
506
Let k(d) = 2*d**3 - 713*d**2 + 30391*d + 625. Calculate k(307).
11
Let x(f) = -f**2 + 86*f + 25169. Determine x(-121).
122
Let a(c) = -94*c**2 + 17671*c + 284. Determine a(188).
96
Let a(f) = -200225*f + 1601794. Give a(8).
-6
Let c(n) = 1023*n + 1625. Determine c(-1).
602
Let c(u) = 2*u**2 - 8006*u + 16012. Calculate c(2).
8
Let o(l) = -11305*l**2 + 90466*l - 21. Calculate o(8).
187
Let i(k) = -k**3 + 365*k**2 + 2265*k - 695029. Give i(366).
5
Let f(o) = -7474*o + 134437. Give f(18).
-95
Let d(q) = 142*q - 17281. Determine d(92).
-4217
Let a(n) = -n**3 - 25*n**2 - 18*n - 1083. Calculate a(-29).
2803
Let g(f) = -f**3 + 24*f**2 + 50*f - 494. What is g(25)?
131
Let i(h) = 53*h**2 - 106*h + 394. Give i(3).
553
Let d(b) = -3555*b + 15252. Determine d(4).
1032
Let b(r) = -4*r + 1191. Determine b(261).
147
Let j(l) = -6*l**2 + 625*l - 7630. Give j(14).
-56
Let w(d) = -3*d**3 + 5*d**2 + 25*d - 12. Determine w(5).
-137
Let x(m) = -m**3 - 10*m**2 + 14*m + 39. What is x(7)?
-696
Let m(q) = 1522*q - 35424. What is m(23)?
-418
Let s(a) = 6*a**2 - 127*a + 1283. Calculate s(17).
858
Let o(j) = 2*j**3 - 385*j**2 - 195*j + 445. What is o(193)?
59
Let p(t) = -2256*t - 1256513. What is p(-557)?
79
Let j(u) = -u**3 - 35*u**2 - 158*u + 48. Give j(-6).
-48
Let g(x) = -683*x + 3043. Calculate g(7).
-1738
Let y(u) = -108217*u + 2597238. Determine y(24).
30
Let b(r) = -697*r + 8919. Calculate b(13).
-142
Let g(f) = 7*f**2 - 5364*f + 21360. What is g(4)?
16
Let s(o) = -o**3 - 126*o**2 - 53*o - 6676. Calculate s(-126).
2
Let t(n) = 22*n**2 + 79*n - 310. What is t(-6)?
8
Let a(k) = -2204*k + 1968200. Calculate a(893).
28
Let a(s) = s**3 + 14*s**2 - 2174*s - 24279. Give a(-11).
-2
Let l(z) = -92263*z - 5720324. Determine l(-62).
-18
Let l(j) = -2*j**2 - 456*j + 41735. Determine l(-298).
15
Let i(m) = 2*m**3 + 44*m**2 - 55*m - 230. What is i(-23)?
-23
Let b(t) = -t**2 + 118*t + 3229. Give b(137).
626
Let h(q) = 21423*q + 1114000. What is h(-52)?
4
Let i(p) = p**2 + 377*p - 15192. Give i(37).
126
Let i(n) = -10*n**2 - 2482*n - 7356. What is i(-3)?
0
Let d(r) = r**3 + 83*r**2 - 1119*r - 94. What is d(14)?
3252
Let i(x) = -x**3 - 318*x**2 - 289*x + 8993. What is i(-317)?
117
Let m(h) = -44*h**2 + 1712*h + 212. G